{"id":5945,"date":"2019-03-25T20:10:14","date_gmt":"2019-03-25T18:10:14","guid":{"rendered":"http:\/\/www.autocom-no.sk\/?page_id=5945"},"modified":"2025-04-08T13:31:18","modified_gmt":"2025-04-08T11:31:18","slug":"hydraulicke-ruky","status":"publish","type":"page","link":"http:\/\/www.autocom-no.sk\/index.php\/hydraulicke-ruky\/","title":{"rendered":"Hydraulick\u00e9 ruky"},"content":{"rendered":"\n<p><strong>Pon\u00fakame kompletn\u00fd servis na hydraulick\u00e9 ruky Epsylon.&nbsp;<\/strong><\/p>\n\n\n\n<p>V ponuke m\u00e1me aj hydraulick\u00e9 ruky na predaj.<\/p>\n\n\n\n<p>Oprava hydraulick\u00fdch valcov<\/p>\n\n\n\n<p>V\u00fdmena puzdier a k\u013ezn\u00fdch do\u0161ti\u010diek<\/p>\n\n\n\n<p>V\u00fdroba hydraulick\u00fdch had\u00edc<\/p>\n\n\n\n<p>Mont\u00e1\u017e hydraulickej ruky<\/p>\n\n\n\n<figure class=\"wp-block-image is-resized\"><a href=\"http:\/\/www.autocom-no.sk\/wp-content\/uploads\/2019\/03\/IMG_20170612_114907.jpg\" rel=\"attachment wp-att-5979\"><img loading=\"lazy\" decoding=\"async\" src=\"http:\/\/www.autocom-no.sk\/wp-content\/uploads\/2019\/03\/IMG_20170612_114907-450x337.jpg\" alt=\"dav\" class=\"wp-image-5979\" width=\"481\" height=\"360\" srcset=\"http:\/\/www.autocom-no.sk\/wp-content\/uploads\/2019\/03\/IMG_20170612_114907-450x337.jpg 450w, http:\/\/www.autocom-no.sk\/wp-content\/uploads\/2019\/03\/IMG_20170612_114907-768x574.jpg 768w, http:\/\/www.autocom-no.sk\/wp-content\/uploads\/2019\/03\/IMG_20170612_114907-700x524.jpg 700w, http:\/\/www.autocom-no.sk\/wp-content\/uploads\/2019\/03\/IMG_20170612_114907-1920x1436.jpg 1920w, http:\/\/www.autocom-no.sk\/wp-content\/uploads\/2019\/03\/IMG_20170612_114907-250x187.jpg 250w, http:\/\/www.autocom-no.sk\/wp-content\/uploads\/2019\/03\/IMG_20170612_114907-512x383.jpg 512w, http:\/\/www.autocom-no.sk\/wp-content\/uploads\/2019\/03\/IMG_20170612_114907-600x450.jpg 600w\" sizes=\"auto, (max-width: 481px) 100vw, 481px\" \/><\/a><\/figure>\n\n\n\n<p><strong>Monta\u017e a oprava rotatorov INDEXATOR<\/strong><\/p>\n\n\n\n<p><strong>Predaj nov\u00fdch piestikov\u00fdch \u010derpadiel SUNFAB<\/strong><\/p>\n\n\n\n<p>pon\u00fakame predaj nov\u00fdch n\u00e1hradn\u00fdch dielov<\/p>\n\n\n\n<p>opravu a servis \u010derpadiel SUNFAB<\/p>\n\n\n\n<p><strong>Oprava a predaj hydraulick\u00fdch drap\u00e1kov<\/strong><\/p>\n\n\n\n<p><strong>V\u00fdroba klanicov\u00fdch ople\u0148ov&nbsp;<\/strong><\/p>\n\n\n\n<figure class=\"wp-block-gallery has-nested-images columns-3 is-cropped wp-block-gallery-1 is-layout-flex wp-block-gallery-is-layout-flex\">\n<figure class=\"wp-block-image size-large\"><img loading=\"lazy\" decoding=\"async\" width=\"700\" height=\"420\" data-id=\"4171\" src=\"http:\/\/www.autocom-no.sk\/wp-content\/uploads\/2016\/06\/20160616_120252-700x420.jpg\" alt=\"\" class=\"wp-image-4171\" srcset=\"http:\/\/www.autocom-no.sk\/wp-content\/uploads\/2016\/06\/20160616_120252-700x420.jpg 700w, http:\/\/www.autocom-no.sk\/wp-content\/uploads\/2016\/06\/20160616_120252-450x270.jpg 450w, http:\/\/www.autocom-no.sk\/wp-content\/uploads\/2016\/06\/20160616_120252-768x461.jpg 768w, http:\/\/www.autocom-no.sk\/wp-content\/uploads\/2016\/06\/20160616_120252-1920x1152.jpg 1920w, http:\/\/www.autocom-no.sk\/wp-content\/uploads\/2016\/06\/20160616_120252-250x150.jpg 250w, http:\/\/www.autocom-no.sk\/wp-content\/uploads\/2016\/06\/20160616_120252-512x307.jpg 512w\" sizes=\"auto, (max-width: 700px) 100vw, 700px\" \/><\/figure>\n\n\n\n<figure class=\"wp-block-image size-large\"><img loading=\"lazy\" decoding=\"async\" width=\"700\" height=\"420\" data-id=\"5990\" src=\"http:\/\/www.autocom-no.sk\/wp-content\/uploads\/2019\/03\/20160813_105037-700x420.jpg\" alt=\"\" class=\"wp-image-5990\" srcset=\"http:\/\/www.autocom-no.sk\/wp-content\/uploads\/2019\/03\/20160813_105037-700x420.jpg 700w, http:\/\/www.autocom-no.sk\/wp-content\/uploads\/2019\/03\/20160813_105037-450x270.jpg 450w, http:\/\/www.autocom-no.sk\/wp-content\/uploads\/2019\/03\/20160813_105037-768x461.jpg 768w, http:\/\/www.autocom-no.sk\/wp-content\/uploads\/2019\/03\/20160813_105037-1920x1152.jpg 1920w, http:\/\/www.autocom-no.sk\/wp-content\/uploads\/2019\/03\/20160813_105037-250x150.jpg 250w, http:\/\/www.autocom-no.sk\/wp-content\/uploads\/2019\/03\/20160813_105037-512x307.jpg 512w\" sizes=\"auto, (max-width: 700px) 100vw, 700px\" \/><\/figure>\n\n\n\n<figure class=\"wp-block-image size-large\"><img loading=\"lazy\" decoding=\"async\" width=\"700\" height=\"420\" data-id=\"5993\" src=\"http:\/\/www.autocom-no.sk\/wp-content\/uploads\/2019\/03\/20170203_104417-700x420.jpg\" alt=\"\" class=\"wp-image-5993\" srcset=\"http:\/\/www.autocom-no.sk\/wp-content\/uploads\/2019\/03\/20170203_104417-700x420.jpg 700w, http:\/\/www.autocom-no.sk\/wp-content\/uploads\/2019\/03\/20170203_104417-450x270.jpg 450w, http:\/\/www.autocom-no.sk\/wp-content\/uploads\/2019\/03\/20170203_104417-768x461.jpg 768w, http:\/\/www.autocom-no.sk\/wp-content\/uploads\/2019\/03\/20170203_104417-1920x1152.jpg 1920w, http:\/\/www.autocom-no.sk\/wp-content\/uploads\/2019\/03\/20170203_104417-250x150.jpg 250w, http:\/\/www.autocom-no.sk\/wp-content\/uploads\/2019\/03\/20170203_104417-512x307.jpg 512w\" sizes=\"auto, (max-width: 700px) 100vw, 700px\" \/><\/figure>\n\n\n\n<figure class=\"wp-block-image size-large\"><img loading=\"lazy\" decoding=\"async\" width=\"700\" height=\"525\" data-id=\"5995\" src=\"http:\/\/www.autocom-no.sk\/wp-content\/uploads\/2019\/03\/DSC02047-700x525.jpg\" alt=\"\" class=\"wp-image-5995\" srcset=\"http:\/\/www.autocom-no.sk\/wp-content\/uploads\/2019\/03\/DSC02047-700x525.jpg 700w, http:\/\/www.autocom-no.sk\/wp-content\/uploads\/2019\/03\/DSC02047-450x338.jpg 450w, http:\/\/www.autocom-no.sk\/wp-content\/uploads\/2019\/03\/DSC02047-768x576.jpg 768w, http:\/\/www.autocom-no.sk\/wp-content\/uploads\/2019\/03\/DSC02047-250x188.jpg 250w, http:\/\/www.autocom-no.sk\/wp-content\/uploads\/2019\/03\/DSC02047-512x384.jpg 512w, http:\/\/www.autocom-no.sk\/wp-content\/uploads\/2019\/03\/DSC02047-600x450.jpg 600w, http:\/\/www.autocom-no.sk\/wp-content\/uploads\/2019\/03\/DSC02047.jpg 820w\" sizes=\"auto, (max-width: 700px) 100vw, 700px\" \/><\/figure>\n\n\n\n<figure class=\"wp-block-image size-large\"><img loading=\"lazy\" decoding=\"async\" width=\"700\" height=\"524\" data-id=\"5997\" src=\"http:\/\/www.autocom-no.sk\/wp-content\/uploads\/2019\/03\/IMG_20170616_104249-700x524.jpg\" alt=\"\" class=\"wp-image-5997\" srcset=\"http:\/\/www.autocom-no.sk\/wp-content\/uploads\/2019\/03\/IMG_20170616_104249-700x524.jpg 700w, http:\/\/www.autocom-no.sk\/wp-content\/uploads\/2019\/03\/IMG_20170616_104249-450x337.jpg 450w, http:\/\/www.autocom-no.sk\/wp-content\/uploads\/2019\/03\/IMG_20170616_104249-768x574.jpg 768w, http:\/\/www.autocom-no.sk\/wp-content\/uploads\/2019\/03\/IMG_20170616_104249-1920x1436.jpg 1920w, http:\/\/www.autocom-no.sk\/wp-content\/uploads\/2019\/03\/IMG_20170616_104249-250x187.jpg 250w, http:\/\/www.autocom-no.sk\/wp-content\/uploads\/2019\/03\/IMG_20170616_104249-512x383.jpg 512w, http:\/\/www.autocom-no.sk\/wp-content\/uploads\/2019\/03\/IMG_20170616_104249-600x450.jpg 600w\" sizes=\"auto, (max-width: 700px) 100vw, 700px\" \/><\/figure>\n\n\n\n<figure class=\"wp-block-image size-large\"><img loading=\"lazy\" decoding=\"async\" width=\"700\" height=\"524\" data-id=\"5999\" src=\"http:\/\/www.autocom-no.sk\/wp-content\/uploads\/2019\/03\/IMG_20170711_082216-700x524.jpg\" alt=\"\" class=\"wp-image-5999\" srcset=\"http:\/\/www.autocom-no.sk\/wp-content\/uploads\/2019\/03\/IMG_20170711_082216-700x524.jpg 700w, http:\/\/www.autocom-no.sk\/wp-content\/uploads\/2019\/03\/IMG_20170711_082216-450x337.jpg 450w, http:\/\/www.autocom-no.sk\/wp-content\/uploads\/2019\/03\/IMG_20170711_082216-768x574.jpg 768w, http:\/\/www.autocom-no.sk\/wp-content\/uploads\/2019\/03\/IMG_20170711_082216-1920x1436.jpg 1920w, http:\/\/www.autocom-no.sk\/wp-content\/uploads\/2019\/03\/IMG_20170711_082216-250x187.jpg 250w, http:\/\/www.autocom-no.sk\/wp-content\/uploads\/2019\/03\/IMG_20170711_082216-512x383.jpg 512w, http:\/\/www.autocom-no.sk\/wp-content\/uploads\/2019\/03\/IMG_20170711_082216-600x450.jpg 600w\" sizes=\"auto, (max-width: 700px) 100vw, 700px\" \/><\/figure>\n\n\n\n<figure class=\"wp-block-image size-large\"><img loading=\"lazy\" decoding=\"async\" width=\"700\" height=\"524\" data-id=\"6002\" src=\"http:\/\/www.autocom-no.sk\/wp-content\/uploads\/2019\/03\/IMG_20170711_082230-700x524.jpg\" alt=\"\" class=\"wp-image-6002\" srcset=\"http:\/\/www.autocom-no.sk\/wp-content\/uploads\/2019\/03\/IMG_20170711_082230-700x524.jpg 700w, http:\/\/www.autocom-no.sk\/wp-content\/uploads\/2019\/03\/IMG_20170711_082230-450x337.jpg 450w, http:\/\/www.autocom-no.sk\/wp-content\/uploads\/2019\/03\/IMG_20170711_082230-768x574.jpg 768w, http:\/\/www.autocom-no.sk\/wp-content\/uploads\/2019\/03\/IMG_20170711_082230-1920x1436.jpg 1920w, http:\/\/www.autocom-no.sk\/wp-content\/uploads\/2019\/03\/IMG_20170711_082230-250x187.jpg 250w, http:\/\/www.autocom-no.sk\/wp-content\/uploads\/2019\/03\/IMG_20170711_082230-512x383.jpg 512w, http:\/\/www.autocom-no.sk\/wp-content\/uploads\/2019\/03\/IMG_20170711_082230-600x450.jpg 600w\" sizes=\"auto, (max-width: 700px) 100vw, 700px\" \/><\/figure>\n\n\n\n<figure class=\"wp-block-image size-large\"><img loading=\"lazy\" decoding=\"async\" width=\"700\" height=\"395\" data-id=\"6004\" src=\"http:\/\/www.autocom-no.sk\/wp-content\/uploads\/2019\/03\/IMG_20170817_115306-700x395.jpg\" alt=\"\" class=\"wp-image-6004\" srcset=\"http:\/\/www.autocom-no.sk\/wp-content\/uploads\/2019\/03\/IMG_20170817_115306-700x395.jpg 700w, http:\/\/www.autocom-no.sk\/wp-content\/uploads\/2019\/03\/IMG_20170817_115306-450x254.jpg 450w, http:\/\/www.autocom-no.sk\/wp-content\/uploads\/2019\/03\/IMG_20170817_115306-768x433.jpg 768w, http:\/\/www.autocom-no.sk\/wp-content\/uploads\/2019\/03\/IMG_20170817_115306-1920x1082.jpg 1920w, http:\/\/www.autocom-no.sk\/wp-content\/uploads\/2019\/03\/IMG_20170817_115306-250x141.jpg 250w, http:\/\/www.autocom-no.sk\/wp-content\/uploads\/2019\/03\/IMG_20170817_115306-512x289.jpg 512w\" sizes=\"auto, (max-width: 700px) 100vw, 700px\" \/><\/figure>\n<\/figure>\n","protected":false},"excerpt":{"rendered":"<p>Pon\u00fakame kompletn\u00fd servis na hydraulick\u00e9 ruky Epsylon.&nbsp; V ponuke m\u00e1me aj hydraulick\u00e9 ruky na predaj. Oprava hydraulick\u00fdch valcov V\u00fdmena puzdier a k\u013ezn\u00fdch do\u0161ti\u010diek V\u00fdroba hydraulick\u00fdch had\u00edc Mont\u00e1\u017e hydraulickej ruky Monta\u017e &hellip; <\/p>\n","protected":false},"author":1,"featured_media":0,"parent":0,"menu_order":0,"comment_status":"closed","ping_status":"closed","template":"","meta":{"footnotes":""},"class_list":["post-5945","page","type-page","status-publish","hentry","latest_post"],"_links":{"self":[{"href":"http:\/\/www.autocom-no.sk\/index.php\/wp-json\/wp\/v2\/pages\/5945","targetHints":{"allow":["GET"]}}],"collection":[{"href":"http:\/\/www.autocom-no.sk\/index.php\/wp-json\/wp\/v2\/pages"}],"about":[{"href":"http:\/\/www.autocom-no.sk\/index.php\/wp-json\/wp\/v2\/types\/page"}],"author":[{"embeddable":true,"href":"http:\/\/www.autocom-no.sk\/index.php\/wp-json\/wp\/v2\/users\/1"}],"replies":[{"embeddable":true,"href":"http:\/\/www.autocom-no.sk\/index.php\/wp-json\/wp\/v2\/comments?post=5945"}],"version-history":[{"count":3,"href":"http:\/\/www.autocom-no.sk\/index.php\/wp-json\/wp\/v2\/pages\/5945\/revisions"}],"predecessor-version":[{"id":10527,"href":"http:\/\/www.autocom-no.sk\/index.php\/wp-json\/wp\/v2\/pages\/5945\/revisions\/10527"}],"wp:attachment":[{"href":"http:\/\/www.autocom-no.sk\/index.php\/wp-json\/wp\/v2\/media?parent=5945"}],"curies":[{"name":"wp","href":"https:\/\/api.w.org\/{rel}","templated":true}]}}